ghest common divisor of 24813 and 27.
27
Calculate the greatest common divisor of 12192 and 96.
96
Calculate the highest common factor of 2227326 and 127.
127
What is the highest common divisor of 279 and 15768?
9
Calculate the greatest common factor of 479 and 506303.
479
Calculate the greatest common factor of 47502 and 448.
14
Calculate the highest common factor of 822435 and 45.
15
Calculate the highest common factor of 29809 and 91.
13
Calculate the greatest common divisor of 140 and 5257.
7
Calculate the greatest common divisor of 590 and 46964.
118
What is the greatest common divisor of 1155 and 50919?
33
What is the greatest common factor of 390422 and 102?
34
Calculate the greatest common divisor of 625075 and 275.
275
What is the highest common factor of 4349 and 8?
1
What is the greatest common factor of 13605 and 2955?
15
What is the greatest common factor of 5724 and 1593?
27
Calculate the greatest common factor of 651 and 18507.
93
What is the highest common divisor of 88102 and 186?
62
Calculate the greatest common factor of 10 and 44822.
2
What is the highest common factor of 2882 and 586880?
262
What is the greatest common factor of 4771605 and 15?
15
What is the highest common divisor of 12017 and 591?
197
Calculate the greatest common divisor of 1 and 427949.
1
What is the highest common divisor of 15043 and 27323?
307
What is the highest common factor of 360 and 31095?
45
Calculate the highest common factor of 1989 and 7371.
117
Calculate the highest common divisor of 254898 and 476.
238
What is the highest common factor of 78174 and 42570?
774
What is the greatest common divisor of 217 and 1457?
31
Calculate the greatest common divisor of 32 and 241936.
16
Calculate the greatest common factor of 9 and 1116954.
9
Calculate the highest common factor of 22 and 10714.
22
What is the highest common factor of 284887 and 694?
347
What is the greatest common divisor of 37130 and 1106?
158
Calculate the highest common factor of 211 and 9073.
211
What is the greatest common factor of 1504 and 3640?
8
Calculate the highest common divisor of 399 and 130739.
133
What is the highest common factor of 22 and 690701?
11
What is the greatest common divisor of 4687 and 143662?
109
What is the highest common divisor of 396 and 18128?
44
Calculate the greatest common factor of 14 and 526631.
7
What is the greatest common divisor of 162 and 90099?
27
Calculate the highest common divisor of 18 and 6754.
2
What is the greatest common factor of 191 and 85759?
191
Calculate the highest common factor of 3074 and 10498.
58
What is the highest common factor of 874 and 322?
46
Calculate the greatest common divisor of 324 and 2500308.
324
Calculate the greatest common factor of 28692 and 288.
36
Calculate the greatest common divisor of 22971 and 744.
93
What is the highest common divisor of 1547675 and 1085?
155
What is the greatest common factor of 32 and 18064?
16
What is the highest common divisor of 66 and 46981?
11
What is the highest common factor of 235808 and 976?
16
What is the greatest common divisor of 1868768 and 352?
352
Calculate the highest common divisor of 1737 and 27.
9
What is the highest common divisor of 32696 and 224?
8
Calculate the greatest common factor of 4449 and 528.
3
Calculate the highest common divisor of 92589 and 123.
3
Calculate the greatest common factor of 195 and 1887145.
65
What is the highest common factor of 9 and 190752?
3
Calculate the greatest common factor of 1275 and 8025.
75
Calculate the highest common divisor of 8 and 33958.
2
What is the greatest common factor of 357 and 845886?
51
What is the greatest common factor of 2204 and 551?
551
Calculate the highest common factor of 14278 and 162250.
1298
What is the greatest common factor of 333 and 35163?
9
What is the highest common factor of 74 and 233507?
37
What is the greatest common divisor of 120163 and 1?
1
What is the highest common factor of 1767 and 45663?
93
What is the greatest common divisor of 26519 and 575?
23
Calculate the highest common divisor of 330 and 6360.
30
Calculate the highest common factor of 16077 and 345.
69
Calculate the highest common factor of 93200 and 16.
16
What is the greatest common divisor of 345 and 39008?
23
Calculate the highest common factor of 87906 and 637.
637
Calculate the highest common factor of 407 and 301180.
407
What is the highest common factor of 83 and 314653?
83
Calculate the highest common factor of 161306 and 236.
118
Calculate the highest common divisor of 70 and 90475.
35
Calculate the greatest common divisor of 23 and 98900.
23
What is the highest common factor of 2142 and 100863?
63
What is the highest common divisor of 1994 and 700891?
997
Calculate the greatest common factor of 247 and 7752.
19
Calculate the greatest common divisor of 261 and 126846.
261
Calculate the highest common factor of 340 and 125205.
85
What is the greatest common factor of 20653 and 1881?
19
What is the greatest common factor of 4544 and 117292?
284
What is the highest common factor of 70295 and 306?
17
Calculate the highest common divisor of 592 and 1424.
16
Calculate the greatest common divisor of 192 and 10880.
64
Calculate the greatest common factor of 90 and 214020.
90
What is the greatest common divisor of 16625 and 7600?
475
Calculate the greatest common factor of 791084 and 399.
133
What is the greatest common divisor of 1173 and 528?
3
What is the greatest common divisor of 389 and 77?
1
What is the greatest common factor of 107 and 118021?
107
What is the greatest common divisor of 2531285 and 905?
905
What is the greatest common divisor of 756 and 5376?
84
Calculate the highest common factor of 301 and 328391.
301
What is the highest common factor of 102 and 48688?
34
Calculate the highest common divisor of 32364 and 19836.
1044
Calculate the highest common factor of 70836 and 12.
12
What is the highest common factor of 12 and 1636476?
12
Calculate the highest common factor of 22933 and 2261.
323
What is the highest common factor of 1495 and 1963?
13
Calculate the highest common divisor of 13585 and 1425.
95
Calculate the highest common factor of 117135 and 15.
15
What is the highest common factor of 98 and 8071?
7
Calculate the greatest common divisor of 14569 and 225391.
857
Calculate the greatest common factor of 3484 and 299.
13
Calculate the greatest common factor of 28 and 315042.
14
What is the highest common factor of 23928 and 492?
12
Calculate the greatest common divisor of 42 and 160335.
21
What is the highest common factor of 1116 and 50034?
186
What is the greatest common factor of 400 and 147000?
200
Calculate the greatest common factor of 226040 and 1100.
20
What is the highest common divisor of 45 and 48780?
45
What is the highest common factor of 4669 and 48691?
667
What is the highest common factor of 243 and 1573749?
81
What is the highest common factor of 989027 and 13?
13
What is the highest common divisor of 6615 and 11515?
245
What is the highest common factor of 58473 and 45?
9
Calculate the highest common factor of 291 and 183.
3
Calculate the greatest common divisor of 210528 and 18.
18
What is the greatest common divisor of 693 and 2817?
9
Calculate the highest common factor of 2607 and 752475.
237
What is the highest common divisor of 3584 and 4984?
56
What is the greatest common divisor of 17584 and 1008?
112
Calculate the highest common factor of 1422 and 7938.
18
Calculate the highest common divisor of 713875 and 125.
125
What is the highest common factor of 23568 and 138?
6
What is the greatest common factor of 54 and 169074?
54
Calculate the highest common divisor of 2938 and 26624.
26
What is the highest common divisor of 90 and 1019658?
6
Calculate the greatest common factor of 524141 and 134.
67
What is the greatest common divisor of 7489471 and 11?
11
Calculate the highest common factor of 51546 and 426.
426
Calculate the highest common factor of 7198 and 1952.
122
What is the greatest common factor of 5828 and 27900?
124
What is the highest common divisor of 29522 and 290?
58
Calculate the greatest common factor of 1638 and 7875.
63
What is the highest common divisor of 1849 and 52503?
43
What is the highest common divisor of 55176 and 276?
12
Calculate the highest comm